What are the prime factors of (0 + 31923)/(-3)*20/(-60)?
3547
Let r be 3/(-2)*(7280/30)/13. What are the prime factors of (-3544)/r - 42/(-98)?
127
Let n = -54365 + 120968. List the prime factors of n.
3, 149
Let i(t) = 776*t**2 + 379*t + 55. List the prime factors of i(-5).
2, 5, 439
Suppose 25 = 4*h + 4*l + 1, 4*h + 5*l = 24. Let c(n) = n**2 + 19. Let s(d) = -d**2 - d - 18. Let x(k) = -4*c(k) - 5*s(k). What are the prime factors of x(h)?
2, 5
Let o(k) = -k**2 - 10*k - 1. Let g be o(-7). Suppose -7*f - g - 8 = 0. Let t(i) = 3*i**2 + 4*i + 6. List the prime factors of t(f).
2, 19
Suppose -5*y - 84*u = -79*u - 27635, -22076 = -4*y + 4*u. List the prime factors of y.
3, 7, 263
Suppose -20*l + 70978 = -103602. List the prime factors of l.
7, 29, 43
Suppose 76850 = 576*n - 571*n - 5*y, 5*y - 15394 = -n. List the prime factors of n.
2, 7687
Suppose -p + 21002 = 42*p - 708751. What are the prime factors of p?
3, 5657
Let l be (-22)/(-77) - (-23390)/14. Suppose 5*t - l = -3*v, 7*v - 2*v + 351 = t. What are the prime factors of t?
2, 3, 7
Let r = -9 - -29. Suppose 5*q + r = 0, -5*d + 6*q = q. What are the prime factors of (-2 - d) + 0 + 54?
2, 7
Suppose 0 = 46*s - 150260 - 25598. What are the prime factors of s?
3823
Let v(l) = -l - 5. Let a be -3 + (-6 + 4 - -15). Suppose -5*t = -a*t - 35. List the prime factors of v(t).
2
Let b be 6/(-10) - (-10)/(-25). Let q = 8 - b. What are the prime factors of (-2)/(-9) + 385/q?
43
Suppose -3*n + 1560 = 12*n. Let m = 153 - n. List the prime factors of m.
7
Let l(h) = h**2 - 11*h - 18. Let n(f) = f**3 - 7*f**2 + 4*f - 14. Let u be n(7). List the prime factors of l(u).
2, 3
Let f(q) = -15*q - 9. Let t = -61 - -27. List the prime factors of f(t).
3, 167
Let j be ((-120)/(-9))/(4/594). Suppose -13*p + j = -p. Suppose p = 7*z - 836. What are the prime factors of z?
11, 13
Suppose 0 = -3*k - 4*c + 17261, 0 = -5*k + 2*c + 10377 + 18374. What are the prime factors of k?
3, 71
Suppose -53*b + 4*r = -54*b + 18589, -3*b + 4*r + 55815 = 0. List the prime factors of b.
11, 19, 89
Suppose r - 478 = -482. List the prime factors of 24*((-41)/r - 2 - 2).
2, 3, 5
Let b(o) = -2*o - 43. Let a(f) = -2*f - 43. Let h(n) = 5*a(n) - 6*b(n). Let i be h(-9). Let u = i - -5. List the prime factors of u.
2, 3, 5
Let h = -1389 - -2421. Let a = 2187 - h. What are the prime factors of a?
3, 5, 7, 11
Let m = -2903 + 7899. Suppose -m = -11*s - 288. What are the prime factors of s?
2, 107
Suppose -3*c - 2 = -134. Let y = c - 31. Suppose 12*m + 252 = y*m. What are the prime factors of m?
2, 3, 7
Suppose 0*g = -2*g + 18. List the prime factors of ((-130)/(-6))/(0 + 1/g).
3, 5, 13
Suppose 32*y + 34*y = -2*y + 417588. List the prime factors of y.
3, 23, 89
Let r(c) = -c**3 + 12*c**2 + 26*c + 28. Let f be r(-13). Suppose 12*t - 41*t = -f. List the prime factors of t.
3, 5
Suppose -17*p - 21 = -24*p. Suppose j = 6*g - 8*g + 451, p*j + 690 = 3*g. List the prime factors of g.
227
Let h(u) = 1. Let s(t) = 51*t - 2. Let c(g) = 5*h(g) - s(g). Let k be c(-3). Let f = -69 + k. What are the prime factors of f?
7, 13
Let t = -719 - -1130. Let c = -232 + t. What are the prime factors of c?
179
Let r(z) = 18*z**2 - 20*z + 67. Let q be r(19). Suppose -q = -16*k + 647. What are the prime factors of k?
7, 61
Let c be (-222)/(-27) + 8/(-36). Let x be -4*26*(-4)/c. Suppose 9*w = -4*w + x. What are the prime factors of w?
2
Suppose 5*z = -34*n + 30*n + 3023, 5*n = -5*z + 3775. List the prime factors of n.
2, 47
Let g = 49 + -49. Suppose -17*c + 13*c = g. Suppose 3*o + 1 = 13, c = 2*t - o - 66. List the prime factors of t.
5, 7
Suppose 3*c = -4*i + 3427, -4*i + 4210 = -5*c + 759. Let j = 2409 - i. What are the prime factors of j?
2, 5, 31
Let o(i) = 43*i - 10. Let u be o(10). Let y = 2088 + -2076. Suppose -y*l = -5*l - u. What are the prime factors of l?
2, 3, 5
Suppose 0 = 4*l + 11*l - 60. Suppose -s + 0*s = -l, 0 = 2*d - 2*s - 630. What are the prime factors of d?
11, 29
Let m(q) = -q**3 - 22*q**2 + q + 29. Let h = -1 + -21. Let o be m(h). List the prime factors of -5 + o - (-1)/(3/69).
5
Let b = 16105 - 9620. List the prime factors of b.
5, 1297
Let p(t) be the third derivative of -3*t**4/4 - 127*t**3/3 + 110*t**2. What are the prime factors of p(-43)?
2, 5, 13
Let u = 22146 + -7442. What are the prime factors of u?
2, 919
Let x be (-3)/6 + ((-326)/4 - 0). Let s = x + 85. Suppose -s*f + 2*d = 95 - 493, 0 = -3*d + 15. List the prime factors of f.
2, 17
Let o(h) = -13*h + 134. Let n be o(10). Suppose 228 = -n*b - f + 4164, 3*f + 1968 = 2*b. List the prime factors of b.
2, 3, 41
Let b = 219 - 93. Let q(j) = 16 - b*j + 3 + 122*j. What are the prime factors of q(-12)?
67
Suppose 5136 = l + 5*m, 0 = -25*l + 29*l + 4*m - 20464. List the prime factors of l.
19, 269
Suppose -110*m + 206979 = -106*m - 5*k, -4*m - 3*k + 206923 = 0. What are the prime factors of m?
2, 29, 223
Let w(r) = r**2 - 11*r - 70. Let d be w(-15). List the prime factors of ((-111)/4)/((-5)/d*6).
2, 37
Let f = -136 - -233. Let b = -11 + f. Suppose 2*g = -3*x + b, -2*g + 2*x - 6*x = -82. What are the prime factors of g?
7
Let s(b) = 135*b - 14. Let y be s(-3). Let l = y - -608. What are the prime factors of l/18*(-4)/(-3)?
2, 7
Suppose 0 = -4*t + 2*t + 94. Let n be (-7 + 40/4)*1. Suppose 2*h + t = -f + 341, n*f + 278 = 2*h. List the prime factors of h.
5, 29
Suppose 130*g - 76*g - 400604 = 420358. What are the prime factors of g?
23, 661
Let o be (-152)/380 + 26/(-10). List the prime factors of (-85 - o)/((-4)/40*1).
2, 5, 41
Let f(w) = -w**3 + 12*w**2 - 21*w + 9. Let q be f(10). What are the prime factors of (-8*(-603)/288)/(q/(-24))?
2, 3, 67
Suppose 4*s = -k - 113, -5*k + 0 = -s - 2. Let u = 80 + s. Suppose p + u - 168 = 0. List the prime factors of p.
5, 23
Let b be (-4 - (-460)/8)/(1/14). Let o = b + -509. Suppose -4*x + 656 = o. What are the prime factors of x?
2, 13
Let a = -19399 - -43000. List the prime factors of a.
3, 7867
Let v be (-6)/3 + -4 + (-2 - -3). Let p be v/((-3)/(-6)*-2). Suppose 2*h = -2*t + p*t - 264, -2*t = 4*h - 192. List the prime factors of t.
2, 3, 5
Let a(s) = 2*s**2 + 107*s - 1023. List the prime factors of a(93).
2, 3, 31, 47
Suppose -14*q = -84, -3*q + 794 = r - 44744. List the prime factors of r.
2, 5, 569
Let m(s) be the first derivative of s**4/6 + 7*s**2/2 - 8*s - 6. Let v(f) be the first derivative of m(f). What are the prime factors of v(5)?
3, 19
What are the prime factors of 16111 + (-12 - (-27 - -14))?
2, 19, 53
Let u(a) = 19*a + 108 + 18*a + 35*a. What are the prime factors of u(8)?
2, 3, 19
Let m = 36 + -35. What are the prime factors of (1*(-2)/(-4))/(m/138)?
3, 23
Let f be ((-168)/(-30))/4 + (-2)/5. Suppose -3*y + u + 764 = -u, -u = f. Let h = y - 175. List the prime factors of h.
79
Suppose 0 = -4*l + 28, 39*l = -2*o + 35*l + 28444. What are the prime factors of o?
2, 3, 37
Let s = 34179 - 17107. List the prime factors of s.
2, 11, 97
Let p be (-858)/(-209) + 4/(-38). Suppose -2*n - p*q - 2936 = -7*n, 5*n - 3*q - 2932 = 0. What are the prime factors of n?
2, 73
Let w be 1/(-11) - 845/143. Let x(j) = -9*j**3 - 12*j**2 + 7*j - 1. List the prime factors of x(w).
13, 113
Suppose -3*a = -5*a + 3*t - 1329, 1 = -t. Let k = -462 - a. List the prime factors of k.
2, 3, 17
Suppose f = -2*j + 4, -2*j - 4 = -2*f + 4. Suppose -f*t + 3*x + 4907 = 0, 0 = -x - 2 + 5. What are the prime factors of t?
1229
List the prime factors of (-2)/(-3)*(0 + 3)*(3655 - 96).
2, 3559
Let s be (-284)/(-18) + (-8)/(-36). Suppose -5*g - 5*z - 1 = -41, -z = 2*g - s. What are the prime factors of ((-80)/6)/(g/(-36))?
2, 3, 5
Let d = -44 + 47. Suppose 3*g - 1153 = -m, d*m = 4*g - 690 - 843. What are the prime factors of g?
2, 3
Let c be (2 + -6139)*(-3 + 28/(-7)). Suppose 0 = -24*t + c - 14375. List the prime factors of t.
3, 397
Let h(n) = n**3 - 9*n**2 + 6*n + 10. Let m be h(8). Let l(v) = -4*v**3 - 4*v**2 + 10*v + 24. List the prime factors of l(m).
2, 3, 19
Suppose 50*i - 53*i = -15. Suppose -s - 3*f + 421 = 0, 0 = -i*s - 2*f - 591 + 2735. What are the prime factors of s?
2, 5, 43
List the prime factors of (240/(-9))/(-4)*(-14 + (-357)/(-12)).
3, 5, 7
Let r = -121 + 128. Suppose r*o + 375 = 10*o. Suppose o = 3*y - 259. List the prime factors of y.
2
Let z(c) = -356*c - 89. Let x be z(-4). 